{"id":798,"date":"2019-06-04T16:24:36","date_gmt":"2019-06-04T14:24:36","guid":{"rendered":"http:\/\/share-it-y-design.de\/?page_id=798"},"modified":"2019-06-04T16:24:36","modified_gmt":"2019-06-04T14:24:36","slug":"datenschutzerklaerung","status":"publish","type":"page","link":"https:\/\/share-it-y-design.de\/?page_id=798","title":{"rendered":"Datenschutzerkl\u00e4rung"},"content":{"rendered":"\n<p>Verantwortlicher\nim Sinne der Datenschutzgesetze, insbesondere der EU-Datenschutzgrundverordnung\n(DSGVO), ist:<\/p>\n\n\n\n<p>share-it-y\ndesign <br>\nUlrike Messinger <br>\nKellerwaldweg 110 <br>\n34134 Kassel<\/p>\n\n\n\n<p><strong>Ihre Betroffenenrechte<\/strong><\/p>\n\n\n\n<p>Unter den angegebenen\nKontaktdaten unseres Datenschutzbeauftragten k\u00f6nnen Sie jederzeit folgende\nRechte aus\u00fcben:<\/p>\n\n\n\n<ul class=\"wp-block-list\"><li>Auskunft \u00fcber Ihre bei uns\n     gespeicherten Daten und deren Verarbeitung (Art. 15 DSGVO),<\/li><li>Berichtigung unrichtiger\n     personenbezogener Daten (Art. 16 DSGVO),<\/li><li>L\u00f6schung Ihrer bei uns\n     gespeicherten Daten (Art. 17 DSGVO),<\/li><li>Einschr\u00e4nkung der\n     Datenverarbeitung, sofern wir Ihre Daten aufgrund gesetzlicher Pflichten\n     noch nicht l\u00f6schen d\u00fcrfen (Art. 18 DSGVO),<\/li><li>Widerspruch gegen die\n     Verarbeitung Ihrer Daten bei uns (Art. 21 DSGVO) und<\/li><li>Daten\u00fcbertragbarkeit, sofern\n     Sie in die Datenverarbeitung eingewilligt haben oder einen Vertrag mit uns\n     abgeschlossen haben (Art. 20 DSGVO).<\/li><\/ul>\n\n\n\n<p>Sofern Sie\nuns eine Einwilligung erteilt haben, k\u00f6nnen Sie diese jederzeit mit Wirkung f\u00fcr\ndie Zukunft widerrufen.<\/p>\n\n\n\n<p>Sie k\u00f6nnen\nsich jederzeit mit einer Beschwerde an eine Aufsichtsbeh\u00f6rde wenden, z. B. an\ndie zust\u00e4ndige Aufsichtsbeh\u00f6rde des Bundeslands Ihres Wohnsitzes oder an die\nf\u00fcr uns als verantwortliche Stelle zust\u00e4ndige Beh\u00f6rde.<\/p>\n\n\n\n<p>Eine Liste\nder Aufsichtsbeh\u00f6rden (f\u00fcr den nicht\u00f6ffentlichen Bereich) mit Anschrift finden\nSie unter: <a href=\"https:\/\/www.bfdi.bund.de\/DE\/Infothek\/Anschriften_Links\/anschriften_links-node.html\" target=\"_blank\" rel=\"noreferrer noopener\">https:\/\/www.bfdi.bund.de\/DE\/Infothek\/Anschriften_Links\/anschriften_links-node.html<\/a>.<\/p>\n\n\n\n<p><strong>Erbringung kostenpflichtiger Leistungen<\/strong><\/p>\n\n\n\n<p><strong>Art und Zweck der Verarbeitung:<\/strong><\/p>\n\n\n\n<p>Zur\nErbringung kostenpflichtiger Leistungen werden von uns zus\u00e4tzliche Daten\nerfragt, wie z.B. Zahlungsangaben, um Ihre Bestellung ausf\u00fchren zu k\u00f6nnen.<\/p>\n\n\n\n<p><strong>Rechtsgrundlage:<\/strong><\/p>\n\n\n\n<p>Die\nVerarbeitung der Daten, die f\u00fcr den Abschluss des Vertrages erforderlich ist,\nbasiert auf Art. 6 Abs. 1 lit. b DSGVO.<\/p>\n\n\n\n<p><strong>Empf\u00e4nger:<\/strong><\/p>\n\n\n\n<p>Empf\u00e4nger\nder Daten sind ggf. Auftragsverarbeiter.<\/p>\n\n\n\n<p><strong>Speicherdauer:<\/strong><\/p>\n\n\n\n<p>Wir\nspeichern diese Daten in unseren Systemen bis die gesetzlichen\nAufbewahrungsfristen abgelaufen sind. Diese betragen grunds\u00e4tzlich 6 oder 10\nJahre aus Gr\u00fcnden der ordnungsm\u00e4\u00dfigen Buchf\u00fchrung und steuerrechtlichen\nAnforderungen.<\/p>\n\n\n\n<p><strong>Bereitstellung vorgeschrieben oder erforderlich:<\/strong><\/p>\n\n\n\n<p>Die Bereitstellung\nIhrer personenbezogenen Daten erfolgt freiwillig. Ohne die Bereitstellung Ihrer\npersonenbezogenen Daten k\u00f6nnen wir Ihnen keinen Zugang auf unsere angebotenen\nInhalte und Leistungen gew\u00e4hren.<\/p>\n\n\n\n<p><strong>Verwendung von Scriptbibliotheken (Google Webfonts)<\/strong><\/p>\n\n\n\n<p><strong>Art und Zweck der Verarbeitung:<\/strong><\/p>\n\n\n\n<p>Um unsere\nInhalte browser\u00fcbergreifend korrekt und grafisch ansprechend darzustellen,\nverwenden wir auf dieser Website \u201eGoogle Web Fonts\u201c der Google LLC (1600\nAmphitheatre Parkway, Mountain View, CA 94043, USA; nachfolgend \u201eGoogle\u201c) zur\nDarstellung von Schriften.<\/p>\n\n\n\n<p>Die\nDatenschutzrichtlinie des Bibliothekbetreibers Google finden Sie hier: <a href=\"https:\/\/www.google.com\/policies\/privacy\/\">https:\/\/www.google.com\/policies\/privacy\/<\/a><\/p>\n\n\n\n<p><strong>Rechtsgrundlage:<\/strong><\/p>\n\n\n\n<p>Rechtsgrundlage\nf\u00fcr die Einbindung von Google Webfonts und dem damit verbundenen Datentransfer\nzu Google ist Ihre Einwilligung (Art. 6 Abs. 1 lit. a DSGVO). <\/p>\n\n\n\n<p><strong>Empf\u00e4nger:<\/strong><\/p>\n\n\n\n<p>Der Aufruf\nvon Scriptbibliotheken oder Schriftbibliotheken l\u00f6st automatisch eine Verbindung\nzum Betreiber der Bibliothek aus. Dabei ist es theoretisch m\u00f6glich \u2013 aktuell\nallerdings auch unklar ob und ggf. zu welchen Zwecken \u2013 dass der Betreiber in\ndiesem Fall Google Daten erhebt.<\/p>\n\n\n\n<p><strong>Speicherdauer:<\/strong><\/p>\n\n\n\n<p>Wir erheben\nkeine personenbezogenen Daten, durch die Einbindung von Google Webfonts.<\/p>\n\n\n\n<p>Weitere\nInformationen zu Google Web Fonts finden Sie unter <a href=\"https:\/\/developers.google.com\/fonts\/faq\">https:\/\/developers.google.com\/fonts\/faq<\/a> und in der Datenschutzerkl\u00e4rung von\nGoogle: <a href=\"https:\/\/www.google.com\/policies\/privacy\/\">https:\/\/www.google.com\/policies\/privacy\/<\/a>.<\/p>\n\n\n\n<p><strong>Drittlandtransfer:<\/strong><\/p>\n\n\n\n<p>Google\nverarbeitet Ihre Daten in den USA und hat sich dem EU_US Privacy Shield\nunterworfen <a href=\"https:\/\/www.privacyshield.gov\/EU-US-Framework\">https:\/\/www.privacyshield.gov\/EU-US-Framework<\/a>.<\/p>\n\n\n\n<p><strong>Bereitstellung vorgeschrieben oder erforderlich:<\/strong><\/p>\n\n\n\n<p>Die\nBereitstellung der personenbezogenen Daten ist weder gesetzlich, noch\nvertraglich vorgeschrieben. Allerdings kann ggfs. die korrekte Darstellung der\nInhalte durch Standardschriften nicht m\u00f6glich sein.<\/p>\n\n\n\n<p><strong>Widerruf der Einwilligung:<\/strong><\/p>\n\n\n\n<p>Zur\nDarstellung der Inhalte wird regelm\u00e4\u00dfig die Programmiersprache JavaScript\nverwendet. Sie k\u00f6nnen der Datenverarbeitung daher widersprechen, indem Sie die\nAusf\u00fchrung von JavaScript in Ihrem Browser deaktivieren oder einen\nJavaScript-Blocker installieren. Bitte beachten Sie, dass es hierdurch zu\nFunktionseinschr\u00e4nkungen auf der Website kommen kann.<\/p>\n\n\n\n<p><strong>\u00c4nderung unserer Datenschutzbestimmungen<\/strong><\/p>\n\n\n\n<p>Wir behalten\nuns vor, diese Datenschutzerkl\u00e4rung anzupassen, damit sie stets den aktuellen\nrechtlichen Anforderungen entspricht oder um \u00c4nderungen unserer Leistungen in\nder Datenschutzerkl\u00e4rung umzusetzen, z.B. bei der Einf\u00fchrung neuer Services.\nF\u00fcr Ihren erneuten Besuch gilt dann die neue Datenschutzerkl\u00e4rung.<\/p>\n\n\n\n<p><strong>Fragen an den Datenschutzbeauftragten<\/strong><\/p>\n\n\n\n<p>Wenn Sie\nFragen zum Datenschutz haben, schreiben Sie uns bitte eine E-Mail oder wenden\nSie sich direkt an die f\u00fcr den Datenschutz verantwortliche Person in unserer Organisation:<\/p>\n\n\n\n<p>Ulrike\nMessinger <br>\nKellerwaldweg 110 <br>\n34134 Kassel<\/p>\n\n\n\n<p><em>Die\nDatenschutzerkl\u00e4rung wurde mit dem <\/em><a href=\"https:\/\/www.activemind.de\/datenschutz\/datenschutzhinweis-generator\/\" target=\"_blank\" rel=\"noreferrer noopener\"><em>Datenschutzerkl\u00e4rungs-Generator\nder activeMind AG erstellt<\/em><\/a><em> (Version 2018-09-24).<\/em><\/p>\n","protected":false},"excerpt":{"rendered":"<p>Verantwortlicher im Sinne der Datenschutzgesetze, insbesondere der EU-Datenschutzgrundverordnung (DSGVO), ist: share-it-y design Ulrike Messinger Kellerwaldweg 110 34134 Kassel Ihre Betroffenenrechte Unter den angegebenen Kontaktdaten unseres Datenschutzbeauftragten k\u00f6nnen Sie jederzeit folgende Rechte aus\u00fcben: Auskunft \u00fcber Ihre bei uns gespeicherten Daten und deren Verarbeitung (Art. 15 DSGVO), Berichtigung unrichtiger personenbezogener Daten (Art. 16 DSGVO), L\u00f6schung Ihrer bei [&hellip;]<\/p>\n","protected":false},"author":1,"featured_media":0,"parent":10,"menu_order":0,"comment_status":"closed","ping_status":"closed","template":"","meta":{"footnotes":""},"class_list":["post-798","page","type-page","status-publish","hentry"],"_links":{"self":[{"href":"https:\/\/share-it-y-design.de\/index.php?rest_route=\/wp\/v2\/pages\/798","targetHints":{"allow":["GET"]}}],"collection":[{"href":"https:\/\/share-it-y-design.de\/index.php?rest_route=\/wp\/v2\/pages"}],"about":[{"href":"https:\/\/share-it-y-design.de\/index.php?rest_route=\/wp\/v2\/types\/page"}],"author":[{"embeddable":true,"href":"https:\/\/share-it-y-design.de\/index.php?rest_route=\/wp\/v2\/users\/1"}],"replies":[{"embeddable":true,"href":"https:\/\/share-it-y-design.de\/index.php?rest_route=%2Fwp%2Fv2%2Fcomments&post=798"}],"version-history":[{"count":1,"href":"https:\/\/share-it-y-design.de\/index.php?rest_route=\/wp\/v2\/pages\/798\/revisions"}],"predecessor-version":[{"id":799,"href":"https:\/\/share-it-y-design.de\/index.php?rest_route=\/wp\/v2\/pages\/798\/revisions\/799"}],"up":[{"embeddable":true,"href":"https:\/\/share-it-y-design.de\/index.php?rest_route=\/wp\/v2\/pages\/10"}],"wp:attachment":[{"href":"https:\/\/share-it-y-design.de\/index.php?rest_route=%2Fwp%2Fv2%2Fmedia&parent=798"}],"curies":[{"name":"wp","href":"https:\/\/api.w.org\/{rel}","templated":true}]}}